Suppose r + 12 = 5*r, 4*p + l*r - 58 = 0. What are the prime factors of p?
13
Let m be (3*1)/((-8)/(-32)). Suppose 0 = -l - 2*o + 6 - 0, -5*o + 12 = l. Suppose -h + m = l*h. List the prime factors of h.
2
Suppose 0 = 2*m - 62 - 26. Suppose -m = -5*n + n. List the prime factors of n.
11
Let z(k) = 19*k + 32. List the prime factors of z(5).
127
Suppose -4*t + 8 = -0*t. Suppose t*d - 34 = 36. List the prime factors of d.
5, 7
Let s(j) = -8*j - 1. Let k(w) = w**3 - 14*w**2 + 13*w - 2. Let a be k(13). What are the prime factors of s(a)?
3, 5
Suppose -2*d = -0*d - 40. Let t = 39 - d. What are the prime factors of t?
19
Let j = -17 + 148. What are the prime factors of j?
131
Suppose -94 = -192*m + 190*m. What are the prime factors of m?
47
Suppose 15*l - 264 = 11*l. What are the prime factors of l?
2, 3, 11
Let f(q) = 9*q**2 - 6*q - 6. What are the prime factors of f(-3)?
3, 31
Suppose -3*a = 2*p - 169, -a + 43 = -2*p - 0*p. Suppose a + 4 = 5*u + z, 0 = z - 2. What are the prime factors of u?
11
Suppose -140 = 5*o - 0*o. Let r be o/(-6) + (-5)/(-15). Suppose 5 = 3*a + r*b - 22, 0 = -2*a + 2*b + 2. What are the prime factors of a?
2
Suppose 3*u = 4*z - 123, 0 = 4*u + u - 15. Suppose 3*p = 5*l + 57 - 0, 0 = -p - 3*l + z. What are the prime factors of p?
2, 3
Suppose 3*c - 4 = 5*q, -2 = -0*q - 5*q + c. Let m be q/2 + 1/(-2). Suppose -2*a - 2*a + 24 = m. List the prime factors of a.
2, 3
Let y = 3 - 3. Suppose y = -q + f + 4 + 7, 5*f + 15 = q. List the prime factors of q.
2, 5
Let l(j) = -69*j - 117. List the prime factors of l(-6).
3, 11
Let f(o) = 14*o**2 - 2*o - 3. Let m be f(-2). Suppose 0 = 3*u - t - 30, 5*t + 3 + m = 5*u. List the prime factors of u.
3
Suppose h + 192 + 243 = 4*y, 4*h = 4. List the prime factors of y.
109
Let a(n) = n - 7. Let k be a(10). Let o(m) = 4*m - 10. What are the prime factors of o(k)?
2
Let l be (-9)/(-15) + (-3)/5. Suppose -4*j + 84 - 16 = l. What are the prime factors of j?
17
List the prime factors of (2 - 2 - (-1 + 0)) + 152.
3, 17
Suppose 0 = -4*z + 44 + 36. What are the prime factors of z?
2, 5
Let o(a) = -a**2 + 9*a - 5. List the prime factors of o(6).
13
Let o = 359 - 164. Suppose o = 5*q + 60. Let b = -14 + q. What are the prime factors of b?
13
Suppose 0 = 5*k - 2 - 8. Let a(v) = -v + 9 - 4 + 3 - v**k + 6. What are the prime factors of a(0)?
2, 7
Suppose 0 = -142*p + 145*p - 312. What are the prime factors of p?
2, 13
Suppose 19 + 59 = 3*q. What are the prime factors of q?
2, 13
Let v(o) = 32*o**2 - o + 1. Let l be v(1). Suppose 5*y - 2*m - 46 = 3*y, -y + 4*m + l = 0. What are the prime factors of y?
2, 5
Let x be 0 - (0/2)/(-1). Suppose 7 = -s + 3*d, x = -4*s - 3*d + 52 - 20. List the prime factors of s.
5
Let j be (-1)/(-4) + (-300)/(-16). Suppose 4*f + j = 3*p - 35, -3*p + 6 = 0. What are the prime factors of 9/f + 78/8?
3
Suppose -5*r - 28 = -w, 3*w + 0*w - 2*r = 19. Suppose 5*t - 11 = -w*n, -3 = -2*n + t + 13. Let l = n + -2. What are the prime factors of l?
5
Let n(p) = -p**3 + 2*p**2 - p + 1. Let f be n(2). Let a be 4 + 31 + f*2. Suppose 8 = m + 3*g, g - a = -5*m + 21. List the prime factors of m.
11
Suppose -2*w - 3*w = -45. Suppose -w = -2*y - y. Suppose -5*s = -y*b - 81, b = 2*s - 0*s - 33. List the prime factors of s.
2, 3
Let a(l) = l + 6. Suppose -v - 7 = 3*g - 4, 4*v + 12 = 0. List the prime factors of a(g).
2, 3
List the prime factors of 47 - (3 + (4 - 7)).
47
Let j be 6/(-4)*(-4 + 2). Suppose 5*b - j*p - 81 = -2*p, -2*b + 31 = p. List the prime factors of b.
2
Suppose -n - 3 = -4*n + 5*b, 5*n - 2*b = -14. Let s be 15/(-20) + (-23)/n. Suppose -1 = -o + s*q + 32, o - 25 = 3*q. List the prime factors of o.
13
Let v(z) = 0 + z**3 - z + 2 + 3*z**2 + 3*z**2 - z**2. List the prime factors of v(-5).
7
Suppose w = 6*w - 20. Suppose -d = -w*d. Suppose -5*r + 2*c + 56 = 0, 25 = r - 5*c - d*c. What are the prime factors of r?
2, 5
Let k = -2 + 17. Let y(o) = -o**2 + 6*o - 1. Let t be y(5). Suppose -t*q - 9 = -3*f, -5*f + q + 4*q + k = 0. What are the prime factors of f?
3
Suppose -5*g = 9 + 11, 2*s = 2*g + 12. Suppose s*l - 9 = 1. Suppose -l*z + 45 = -0*z. List the prime factors of z.
3
Let l = 11 - 26. List the prime factors of (-5)/2*48/l.
2
Let t = -1 - -1. Suppose -3 = -t*p - p. Suppose 5*a - c - 17 = 10, c = p*a - 17. List the prime factors of a.
5
Let g = -8 - -17. Let k = 13 - g. Let c(o) = -o**2 + 8*o - 2. List the prime factors of c(k).
2, 7
Let j = 1 - 5. Let g(t) = -t - 7. Let l be g(j). What are the prime factors of (1 - -1)/((-2)/l)?
3
Let u(m) be the second derivative of m**4/12 - m**3/6 - 3*m**2/2 + m. What are the prime factors of u(3)?
3
Let t = -116 + 43. List the prime factors of (-3 - (0 - t))/(-2).
2, 19
Let d be (-266)/(-63) - 2/9. Suppose 18 = 4*j - 3*r - 42, 5*j + d*r - 44 = 0. What are the prime factors of j?
2, 3
Suppose 3*o + 3 = -q - 2*q, o - 2*q = 14. Let r(w) = w. Let n be r(o). Suppose -n*x + 18 = -6. List the prime factors of x.
2, 3
List the prime factors of (2 - 5 - -4) + 51.
2, 13
Let c = 54 - -46. List the prime factors of c.
2, 5
Let z(o) = -65*o**2 + 4*o - 3. Let m be z(2). What are the prime factors of ((-2)/6)/(5/m)?
17
Suppose -2*m = 2 - 8. Suppose 2*v + 23 = -m*x + 106, 4*x - 2*v - 106 = 0. What are the prime factors of x?
3
Let l(h) = 6*h + 8 + 0 - 2*h + h**2. Let y(o) = o**2 - 5*o - 6. Let c be y(5). What are the prime factors of l(c)?
2, 5
Suppose -20 = t + 2*n, 25 = -3*t + 4*n - 3*n. Let s(g) = -7*g. Let a be s(-2). Let i = t + a. List the prime factors of i.
2
Let a be 6/21 + 108/14. Let l = a - -3. What are the prime factors of l?
11
Suppose 7*t - 2*t - 155 = -5*c, 3*c - 109 = 5*t. Let i = 48 - c. List the prime factors of i.
3, 5
Let v(z) = 9*z + 21. List the prime factors of v(7).
2, 3, 7
Suppose -4*x + 31 = -821. List the prime factors of x.
3, 71
Suppose 3 = 3*g - 4*g - t, -5*t = 4*g + 17. Suppose 3*k = -4*c + 2*k + 99, -2*c = g*k - 54. List the prime factors of c.
2, 3
Suppose -15*z + 3*z + 1656 = 0. List the prime factors of z.
2, 3, 23
Let r(o) = o**3 + 4*o**2 - 7*o - 7. Let i be r(-5). Suppose -t = -i*t + 6. List the prime factors of t.
3
Let t(z) = z**2 + 3*z - 8. List the prime factors of t(4).
2, 5
Let q(s) = 32*s + 10. List the prime factors of q(4).
2, 3, 23
Let y(j) = -3*j - 7. Let h be y(8). Let o = h - -63. List the prime factors of o.
2
Let t(s) = -s**3 - 7*s**2 - s - 2. Let a be t(-7). Suppose a*w + 1 = 11. List the prime factors of w.
2
Suppose -5*m + 70 = i, -5*m + 115 = -3*i + 5*i. What are the prime factors of i?
3, 5
Suppose v + v = 5*n + 59, -v - 3*n = -13. What are the prime factors of v/4 - (-1)/(-2)?
5
Let q = 125 + -71. Let y = -30 + q. Suppose 2*w + 2*w = y. List the prime factors of w.
2, 3
Let t(h) = -3*h - 11. Let r = -8 + -1. What are the prime factors of t(r)?
2
Let l(o) = -o**2 + 8*o + 6. Let u be l(7). Suppose 0 = -2*h + u + 9. List the prime factors of h.
11
Suppose -4*w = -7 + 71. Let m = 29 + w. List the prime factors of m.
13
Let x(c) = c**2 - 5*c + 2. Let v be x(4). List the prime factors of (14/(-4) + -1)*v.
3
Let m = -19 + 67. List the prime factors of m.
2, 3
Suppose -x - 52 = -5*x. Let z = -3 + x. List the prime factors of z.
2, 5
Suppose -a + 186 + 8 = 0. List the prime factors of a.
2, 97
Let d = 6 - 1. Suppose 0 = -5*g + z + 165 + 39, d*z + 77 = 2*g. What are the prime factors of g?
41
Let h = -40 + 122. List the prime factors of h.
2, 41
Let c be (0 - -2)*(-13)/(-2). Suppose 4*d - c = 83. List the prime factors of d.
2, 3
Suppose -13*j + 342 = -7*j. What are the prime factors of j?
3, 19
Let q(j) = -j**2 + 6*j + 13. Let z be q(6). Let a(t) = -t + 18. What are the prime factors of a(z)?
5
What are the prime factors of (1/(-2))/(10/(-4820))?
241
Suppose 5*p + 4*l + 267 = 1045, p + 2*l - 152 = 0. What are the prime factors of p?
2, 79
Suppose 25 - 5 = 5*x. List the prime factors of x.
2
Let y = -4 + -24. Let r = -18 - y. What are the prime factors of r?
2, 5
Suppose -p + 124 = 5*f - 0*p, 55 = 2*f - 5*p. Let x be (-2 + (1 - f))/2. List the prime factors of 2 - (x + 3/1).
2, 3
Let x = 0 + 0. Suppose -2*r + 7*r - 80 = x. List the prime factors of r.
2
Let p(l) be the second derivative of -1/20*l**5 + 1/2*l**3 + 3*l + 0 - 7/2*l**2 - 1/3*l**4. What are the prime factors of p(-5)?
3
Let m = 164 + 69. What are the pri